{"id":40,"date":"2018-10-04T09:45:13","date_gmt":"2018-10-04T09:45:13","guid":{"rendered":"http:\/\/rarathemesdemo.com\/the-conference-pro\/?page_id=40"},"modified":"2025-07-23T15:30:14","modified_gmt":"2025-07-23T15:30:14","slug":"recpad2021","status":"publish","type":"page","link":"https:\/\/inforum2025.xdi.uevora.pt\/index.php\/recpad2021\/","title":{"rendered":"INForum 2025"},"content":{"rendered":"<p>A Inform\u00e1tica \u00e9 uma \u00e1rea de Investiga\u00e7\u00e3o e Desenvolvimento consolidada em Portugal, suportada numa rede de centros de investiga\u00e7\u00e3o reconhecidos internacionalmente e na oferta de cursos de licenciatura e p\u00f3s-gradua\u00e7\u00e3o por praticamente todas as institui\u00e7\u00f5es portuguesas de ensino superior. \u00c9 igualmente uma \u00e1rea na qual v\u00e1rias empresas nacionais apresentam resultados de I&amp;D de relev\u00e2ncia internacional.<\/p>\n<p>Reunindo a comunidade nacional, o INForum \u00e9 um local privilegiado para a divulga\u00e7\u00e3o, discuss\u00e3o e reconhecimento de trabalhos cient\u00edficos e inova\u00e7\u00e3o e avan\u00e7os tecnol\u00f3gicos em Inform\u00e1tica. O INForum oferece assim um palco especializado e \u00fanico a n\u00edvel nacional para promover, por um lado, o interc\u00e2mbio de conhecimento e experi\u00eancia entre a academia e a ind\u00fastria e, por outro lado, a estreia de jovens investigadores que procuram a divulga\u00e7\u00e3o, a cr\u00edtica construtiva e o encorajamento do seu trabalho. Assim, o INForum \u00e9 um evento nacional de partilha e de fortalecimento do esp\u00edrito de comunidade na \u00e1rea de Inform\u00e1tica.<\/p>\n<p>A edi\u00e7\u00e3o de 2025, o 16\u00ba INForum, decorrer\u00e1 na <strong>Universidade de \u00c9vora<\/strong>. Contamos com a presen\u00e7a de todos!<\/p>\n\n\n<figure class=\"wp-block-image aligncenter size-full is-resized\"><img loading=\"lazy\" decoding=\"async\" width=\"1237\" height=\"389\" src=\"https:\/\/inforum2025.xdi.uevora.pt\/wp-content\/uploads\/2025\/06\/Logotipo-da-Universidade-de-Evora-horizontal-1.png\" alt=\"\" class=\"wp-image-2422\" style=\"width:auto;height:60px;margin-top: 20px;\" srcset=\"https:\/\/inforum2025.xdi.uevora.pt\/wp-content\/uploads\/2025\/06\/Logotipo-da-Universidade-de-Evora-horizontal-1.png 1237w, https:\/\/inforum2025.xdi.uevora.pt\/wp-content\/uploads\/2025\/06\/Logotipo-da-Universidade-de-Evora-horizontal-1-300x94.png 300w, https:\/\/inforum2025.xdi.uevora.pt\/wp-content\/uploads\/2025\/06\/Logotipo-da-Universidade-de-Evora-horizontal-1-1024x322.png 1024w, https:\/\/inforum2025.xdi.uevora.pt\/wp-content\/uploads\/2025\/06\/Logotipo-da-Universidade-de-Evora-horizontal-1-768x242.png 768w\" sizes=\"auto, (max-width: 1237px) 100vw, 1237px\" \/><\/figure>\n","protected":false},"excerpt":{"rendered":"<p>A convention, in the sense of a meeting, is a gathering of individuals who meet at an arranged place and time in order to discuss or engage in some common interest. The most common conventions are based upon industry, profession, and fandom. Trade conventions typically focus on a particular industry or industry segment, and feature keynote speakers.<\/p>\n<p>Professional conventions focus on issues of concern along with advancements related to the profession. Such conventions are generally organized by societies or communities dedicated to promotion of the topic of interest. Fan conventions usually feature displays, shows, and sales based on pop culture and guest celebrities.<\/p>\n","protected":false},"author":1,"featured_media":1074,"parent":0,"menu_order":0,"comment_status":"closed","ping_status":"closed","template":"","meta":{"footnotes":""},"class_list":["post-40","page","type-page","status-publish","has-post-thumbnail","hentry"],"rttpg_featured_image_url":{"full":["https:\/\/inforum2025.xdi.uevora.pt\/wp-content\/uploads\/2020\/07\/2001SpaceOdissey@Uevora_1080x1080_exp10.5.png",1080,1080,false],"landscape":["https:\/\/inforum2025.xdi.uevora.pt\/wp-content\/uploads\/2020\/07\/2001SpaceOdissey@Uevora_1080x1080_exp10.5.png",1080,1080,false],"portraits":["https:\/\/inforum2025.xdi.uevora.pt\/wp-content\/uploads\/2020\/07\/2001SpaceOdissey@Uevora_1080x1080_exp10.5.png",1080,1080,false],"thumbnail":["https:\/\/inforum2025.xdi.uevora.pt\/wp-content\/uploads\/2020\/07\/2001SpaceOdissey@Uevora_1080x1080_exp10.5-150x150.png",150,150,true],"medium":["https:\/\/inforum2025.xdi.uevora.pt\/wp-content\/uploads\/2020\/07\/2001SpaceOdissey@Uevora_1080x1080_exp10.5-300x300.png",300,300,true],"large":["https:\/\/inforum2025.xdi.uevora.pt\/wp-content\/uploads\/2020\/07\/2001SpaceOdissey@Uevora_1080x1080_exp10.5-1024x1024.png",640,640,true],"post-slider-thumb-size":["https:\/\/inforum2025.xdi.uevora.pt\/wp-content\/uploads\/2020\/07\/2001SpaceOdissey@Uevora_1080x1080_exp10.5.png",190,190,false],"1536x1536":["https:\/\/inforum2025.xdi.uevora.pt\/wp-content\/uploads\/2020\/07\/2001SpaceOdissey@Uevora_1080x1080_exp10.5.png",1080,1080,false],"2048x2048":["https:\/\/inforum2025.xdi.uevora.pt\/wp-content\/uploads\/2020\/07\/2001SpaceOdissey@Uevora_1080x1080_exp10.5.png",1080,1080,false],"the-conference-banner-slider":["https:\/\/inforum2025.xdi.uevora.pt\/wp-content\/uploads\/2020\/07\/2001SpaceOdissey@Uevora_1080x1080_exp10.5-1080x1008.png",1080,1008,true],"the-conference-featured-page":["https:\/\/inforum2025.xdi.uevora.pt\/wp-content\/uploads\/2020\/07\/2001SpaceOdissey@Uevora_1080x1080_exp10.5-470x470.png",470,470,true],"the-conference-icon-text-image":["https:\/\/inforum2025.xdi.uevora.pt\/wp-content\/uploads\/2020\/07\/2001SpaceOdissey@Uevora_1080x1080_exp10.5-585x550.png",585,550,true],"the-conference-speaker":["https:\/\/inforum2025.xdi.uevora.pt\/wp-content\/uploads\/2020\/07\/2001SpaceOdissey@Uevora_1080x1080_exp10.5-384x467.png",384,467,true],"the-conference-blog":["https:\/\/inforum2025.xdi.uevora.pt\/wp-content\/uploads\/2020\/07\/2001SpaceOdissey@Uevora_1080x1080_exp10.5-768x519.png",768,519,true],"the-conference-blog-fullwidth":["https:\/\/inforum2025.xdi.uevora.pt\/wp-content\/uploads\/2020\/07\/2001SpaceOdissey@Uevora_1080x1080_exp10.5-1080x519.png",1080,519,true],"the-conference-related":["https:\/\/inforum2025.xdi.uevora.pt\/wp-content\/uploads\/2020\/07\/2001SpaceOdissey@Uevora_1080x1080_exp10.5-110x83.png",110,83,true],"the-conference-schema":["https:\/\/inforum2025.xdi.uevora.pt\/wp-content\/uploads\/2020\/07\/2001SpaceOdissey@Uevora_1080x1080_exp10.5-600x60.png",600,60,true]},"rttpg_author":{"display_name":"pds","author_link":"https:\/\/inforum2025.xdi.uevora.pt\/index.php\/author\/pds\/"},"rttpg_comment":0,"rttpg_category":null,"rttpg_excerpt":"A convention, in the sense of a meeting, is a gathering of individuals who meet at an arranged place and time in order to discuss or engage in some common interest. The most common conventions are based upon industry, profession, and fandom. Trade conventions typically focus on a particular industry or industry segment, and feature&hellip;","_links":{"self":[{"href":"https:\/\/inforum2025.xdi.uevora.pt\/index.php\/wp-json\/wp\/v2\/pages\/40","targetHints":{"allow":["GET"]}}],"collection":[{"href":"https:\/\/inforum2025.xdi.uevora.pt\/index.php\/wp-json\/wp\/v2\/pages"}],"about":[{"href":"https:\/\/inforum2025.xdi.uevora.pt\/index.php\/wp-json\/wp\/v2\/types\/page"}],"author":[{"embeddable":true,"href":"https:\/\/inforum2025.xdi.uevora.pt\/index.php\/wp-json\/wp\/v2\/users\/1"}],"replies":[{"embeddable":true,"href":"https:\/\/inforum2025.xdi.uevora.pt\/index.php\/wp-json\/wp\/v2\/comments?post=40"}],"version-history":[{"count":30,"href":"https:\/\/inforum2025.xdi.uevora.pt\/index.php\/wp-json\/wp\/v2\/pages\/40\/revisions"}],"predecessor-version":[{"id":2672,"href":"https:\/\/inforum2025.xdi.uevora.pt\/index.php\/wp-json\/wp\/v2\/pages\/40\/revisions\/2672"}],"wp:featuredmedia":[{"embeddable":true,"href":"https:\/\/inforum2025.xdi.uevora.pt\/index.php\/wp-json\/wp\/v2\/media\/1074"}],"wp:attachment":[{"href":"https:\/\/inforum2025.xdi.uevora.pt\/index.php\/wp-json\/wp\/v2\/media?parent=40"}],"curies":[{"name":"wp","href":"https:\/\/api.w.org\/{rel}","templated":true}]}}

<p>A Informática é uma área de Investigação e Desenvolvimento consolidada em Portugal, suportada numa rede de centros de investigação reconhecidos internacionalmente e na oferta de cursos de licenciatura e pós-graduação por praticamente todas as instituições portuguesas de ensino superior. É igualmente uma área na qual várias empresas nacionais apresentam resultados de I&amp;D de relevância internacional.</p>
<p>Reunindo a comunidade nacional, o INForum é um local privilegiado para a divulgação, discussão e reconhecimento de trabalhos científicos e inovação e avanços tecnológicos em Informática. O INForum oferece assim um palco especializado e único a nível nacional para promover, por um lado, o intercâmbio de conhecimento e experiência entre a academia e a indústria e, por outro lado, a estreia de jovens investigadores que procuram a divulgação, a crítica construtiva e o encorajamento do seu trabalho. Assim, o INForum é um evento nacional de partilha e de fortalecimento do espírito de comunidade na área de Informática.</p>
<p>A edição de 2025, o 16º INForum, decorrerá na <strong>Universidade de Évora</strong>. Contamos com a presença de todos!</p>


<figure class="wp-block-image aligncenter size-full is-resized"><img loading="lazy" decoding="async" width="1237" height="389" src="https://inforum2025.xdi.uevora.pt/wp-content/uploads/2025/06/Logotipo-da-Universidade-de-Evora-horizontal-1.png" alt="" class="wp-image-2422" style="width:auto;height:60px;margin-top: 20px;" srcset="https://inforum2025.xdi.uevora.pt/wp-content/uploads/2025/06/Logotipo-da-Universidade-de-Evora-horizontal-1.png 1237w, https://inforum2025.xdi.uevora.pt/wp-content/uploads/2025/06/Logotipo-da-Universidade-de-Evora-horizontal-1-300x94.png 300w, https://inforum2025.xdi.uevora.pt/wp-content/uploads/2025/06/Logotipo-da-Universidade-de-Evora-horizontal-1-1024x322.png 1024w, https://inforum2025.xdi.uevora.pt/wp-content/uploads/2025/06/Logotipo-da-Universidade-de-Evora-horizontal-1-768x242.png 768w" sizes="auto, (max-width: 1237px) 100vw, 1237px" /></figure>
