{"id":2309,"date":"2025-05-13T19:50:47","date_gmt":"2025-05-13T19:50:47","guid":{"rendered":"https:\/\/inforum2025.xdi.uevora.pt\/?page_id=2309"},"modified":"2025-05-29T15:03:13","modified_gmt":"2025-05-29T15:03:13","slug":"bioinformatica","status":"publish","type":"page","link":"https:\/\/inforum2025.xdi.uevora.pt\/index.php\/bioinformatica\/","title":{"rendered":"BioInform\u00e1tica (BioInf)"},"content":{"rendered":"\n<p>A Bioinform\u00e1tica \u00e9 uma \u00e1rea de pesquisa interdisciplinar em r\u00e1pido crescimento, originada dos avan\u00e7os da Biologia Molecular, especialmente a partir de projetos de sequenciamento&nbsp;gen\u00f3mico&nbsp;em larga escala, como o Projeto Genoma Humano. Atualmente, seu papel vai muito al\u00e9m da Biologia Molecular, sendo fundamental em pesquisas biom\u00e9dicas e cl\u00ednicas. Destaca-se, por exemplo, no desenvolvimento de m\u00e9todos para diagn\u00f3stico precoce, na compreens\u00e3o de doen\u00e7as complexas&nbsp;e progressivas, na avalia\u00e7\u00e3o da efic\u00e1cia de f\u00e1rmacos, e na melhoria gen\u00e9tica de organismos de interesse econ\u00f3mico.<br><br>Com o&nbsp;avan\u00e7o&nbsp;de tecnologias experimentais de alto rendimento e a prolifera\u00e7\u00e3o de abordagens multi-\u00f3micas, cresce exponencialmente o volume, a variedade e a complexidade dos dados biom\u00e9dicos dispon\u00edveis. Este cen\u00e1rio requer&nbsp;solu\u00e7\u00f5es computacionais inovadoras e escal\u00e1veis para integrar, analisar e interpretar essas informa\u00e7\u00f5es de forma eficaz.<br><br>A constru\u00e7\u00e3o dessas solu\u00e7\u00f5es envolve grandes desafios cient\u00edficos e tecnol\u00f3gicos em \u00e1reas como Intelig\u00eancia Artificial, Ci\u00eancia de Dados, Sistemas de Informa\u00e7\u00e3o, Processamento de Sinais e Imagens, Estat\u00edstica, Otimiza\u00e7\u00e3o, Privacidade e Seguran\u00e7a, entre outras, consolidando a Bioinform\u00e1tica como um campo central na interface entre a Computa\u00e7\u00e3o e as Ci\u00eancias da Vida.<br>Convidamos a submiss\u00e3o de trabalhos originais que abordem m\u00e9todos, aplica\u00e7\u00f5es e desafios da Bioinform\u00e1tica, em todas as suas vertentes.<\/p>\n\n\n\n<h2 class=\"wp-block-heading\">T\u00f3picos de Interesse<\/h2>\n\n\n\n<ul class=\"wp-block-list\">\n<li>An\u00e1lise e integra\u00e7\u00e3o de dados multi\u00f3micos (gen\u00f3mica, transcript\u00f3mica, prote\u00f3mica, metabol\u00f3mica, etc.)<\/li>\n\n\n\n<li>Aprendizagem Autom\u00e1tica\/ Aprendizagem profunda para an\u00e1lise de dados biom\u00e9dicos<\/li>\n\n\n\n<li>Aprendizagem Preditiva \/ Descritiva em aplica\u00e7\u00f5es cl\u00ednicas<\/li>\n\n\n\n<li>Algoritmos e modelos computacionais para biologia de sistemas<\/li>\n\n\n\n<li>Bioinform\u00e1tica estrutural e modela\u00e7\u00e3o&nbsp;de prote\u00ednas<\/li>\n\n\n\n<li>Prospe\u00e7\u00e3o&nbsp;e visualiza\u00e7\u00e3o de dados biom\u00e9dicos&nbsp;(incluindo algoritmos e aplica\u00e7\u00f5es)<\/li>\n\n\n\n<li>Processamento de sinais e imagens biom\u00e9dicas<\/li>\n\n\n\n<li>Bancos de dados biol\u00f3gicos e sistemas de informa\u00e7\u00e3o em sa\u00fade<\/li>\n\n\n\n<li>An\u00e1lise de express\u00e3o g\u00e9nica e redes regulat\u00f3rias<\/li>\n\n\n\n<li>Gen\u00f3mica cl\u00ednica e medicina personalizada<\/li>\n\n\n\n<li>Epidemiologia computacional e&nbsp;modela\u00e7\u00e3o&nbsp;de doen\u00e7as<\/li>\n\n\n\n<li>Ontologias e interoperabilidade de dados biom\u00e9dicos&nbsp;<\/li>\n\n\n\n<li>M\u00e9todos de integra\u00e7\u00e3o\/processamento\/gest\u00e3o de dados biom\u00e9dicos<\/li>\n<\/ul>\n\n\n\n<h2 class=\"wp-block-heading\"><strong>Comiss\u00e3o T\u00e9cnica<\/strong><\/h2>\n\n\n\n<ul class=\"wp-block-list\">\n<li>Diogo F. Soares (FC.UL \/ LASIGE) \u2014 <strong>Chair<\/strong><\/li>\n\n\n\n<li>Helena Aidos (FC.UL \/ LASIGE) \u2014 <strong>Chair<\/strong><\/li>\n\n\n\n<li>C\u00e1tia Pesquita (FC.UL \/ LASIGE)<\/li>\n\n\n\n<li>C\u00e1tia Vaz (ISEL \/ INESC-ID)<\/li>\n\n\n\n<li>Emanuel Gon\u00e7alves (IST-UL \/ INESC-ID)&nbsp;<\/li>\n\n\n\n<li>Irina Moreira (CNC-UC)<\/li>\n\n\n\n<li>Isabel Duarte (UAlg \/ CINTESIS)<\/li>\n\n\n\n<li>Jos\u00e9 Lu\u00eds Oliveira (U.Aveiro \/ IEETA)<\/li>\n\n\n\n<li>Marta Lopes (FCT-UNL)<\/li>\n\n\n\n<li>Miguel Rocha (UMinho \/ CEB)<\/li>\n\n\n\n<li>Oscar Dias (UMinho \/ CEB)<\/li>\n\n\n\n<li>Pedro Ferreira (FCUP \/ INESC-TEC)<\/li>\n\n\n\n<li>Pedro T. Monteiro (IST-UL \/ INESC-ID)\u00a0<\/li>\n\n\n\n<li>Rafael Costa (FCT-UNL \/ LAQV-REQUIMTE)<\/li>\n\n\n\n<li>Rui Camacho (FEUP \/ LIAAD, INESC-TEC)<\/li>\n\n\n\n<li>Rui Henriques (IST-UL \/ INESC-ID)<\/li>\n<\/ul>\n","protected":false},"excerpt":{"rendered":"<p>A Bioinform\u00e1tica \u00e9 uma \u00e1rea de pesquisa interdisciplinar em r\u00e1pido crescimento, originada dos avan\u00e7os da Biologia Molecular, especialmente a partir de projetos de sequenciamento&nbsp;gen\u00f3mico&nbsp;em larga escala, como o Projeto Genoma Humano. Atualmente, seu papel vai muito al\u00e9m da Biologia Molecular, sendo fundamental em pesquisas biom\u00e9dicas e cl\u00ednicas. Destaca-se, por exemplo, no desenvolvimento de m\u00e9todos para &hellip; <\/p>\n","protected":false},"author":6,"featured_media":0,"parent":0,"menu_order":0,"comment_status":"closed","ping_status":"closed","template":"","meta":{"footnotes":""},"class_list":["post-2309","page","type-page","status-publish","hentry"],"rttpg_featured_image_url":null,"rttpg_author":{"display_name":"Jo\u00e3o Cardoso","author_link":"https:\/\/inforum2025.xdi.uevora.pt\/index.php\/author\/joao-pedro-cardoso\/"},"rttpg_comment":0,"rttpg_category":null,"rttpg_excerpt":"A Bioinform\u00e1tica \u00e9 uma \u00e1rea de pesquisa interdisciplinar em r\u00e1pido crescimento, originada dos avan\u00e7os da Biologia Molecular, especialmente a partir de projetos de sequenciamento&nbsp;gen\u00f3mico&nbsp;em larga escala, como o Projeto Genoma Humano. Atualmente, seu papel vai muito al\u00e9m da Biologia Molecular, sendo fundamental em pesquisas biom\u00e9dicas e cl\u00ednicas. Destaca-se, por exemplo, no desenvolvimento de m\u00e9todos para&hellip;","_links":{"self":[{"href":"https:\/\/inforum2025.xdi.uevora.pt\/index.php\/wp-json\/wp\/v2\/pages\/2309","targetHints":{"allow":["GET"]}}],"collection":[{"href":"https:\/\/inforum2025.xdi.uevora.pt\/index.php\/wp-json\/wp\/v2\/pages"}],"about":[{"href":"https:\/\/inforum2025.xdi.uevora.pt\/index.php\/wp-json\/wp\/v2\/types\/page"}],"author":[{"embeddable":true,"href":"https:\/\/inforum2025.xdi.uevora.pt\/index.php\/wp-json\/wp\/v2\/users\/6"}],"replies":[{"embeddable":true,"href":"https:\/\/inforum2025.xdi.uevora.pt\/index.php\/wp-json\/wp\/v2\/comments?post=2309"}],"version-history":[{"count":8,"href":"https:\/\/inforum2025.xdi.uevora.pt\/index.php\/wp-json\/wp\/v2\/pages\/2309\/revisions"}],"predecessor-version":[{"id":2410,"href":"https:\/\/inforum2025.xdi.uevora.pt\/index.php\/wp-json\/wp\/v2\/pages\/2309\/revisions\/2410"}],"wp:attachment":[{"href":"https:\/\/inforum2025.xdi.uevora.pt\/index.php\/wp-json\/wp\/v2\/media?parent=2309"}],"curies":[{"name":"wp","href":"https:\/\/api.w.org\/{rel}","templated":true}]}}