{"id":2055,"date":"2021-10-14T07:34:41","date_gmt":"2021-10-14T07:34:41","guid":{"rendered":"http:\/\/inforum2025.xdi.uevora.pt\/?page_id=2055"},"modified":"2025-07-23T15:23:31","modified_gmt":"2025-07-23T15:23:31","slug":"invited-speaker-2","status":"publish","type":"page","link":"https:\/\/inforum2025.xdi.uevora.pt\/index.php\/invited-speaker-2\/","title":{"rendered":"Invited Speakers"},"content":{"rendered":"\n<div class=\"wp-block-media-text alignwide is-stacked-on-mobile\" style=\"grid-template-columns:27% auto\"><figure class=\"wp-block-media-text__media\"><img loading=\"lazy\" decoding=\"async\" width=\"487\" height=\"480\" src=\"https:\/\/inforum2025.xdi.uevora.pt\/wp-content\/uploads\/2025\/06\/295cca08-ae6e-428b-8ede-cb08c6c52242.jpeg\" alt=\"\" class=\"wp-image-2414 size-full\" srcset=\"https:\/\/inforum2025.xdi.uevora.pt\/wp-content\/uploads\/2025\/06\/295cca08-ae6e-428b-8ede-cb08c6c52242.jpeg 487w, https:\/\/inforum2025.xdi.uevora.pt\/wp-content\/uploads\/2025\/06\/295cca08-ae6e-428b-8ede-cb08c6c52242-300x296.jpeg 300w\" sizes=\"auto, (max-width: 487px) 100vw, 487px\" \/><\/figure><div class=\"wp-block-media-text__content\">\n<h2 class=\"wp-block-heading\">Javier Bezos<\/h2>\n\n\n\n<h4 class=\"wp-block-heading\">Title<\/h4>\n\n\n\n<p>Recent developments in LaTeX<\/p>\n<\/div><\/div>\n\n\n\n<h4 class=\"wp-block-heading\">Abstract<\/h4>\n\n\n\n<p>LaTeX2e recently celebrated its 30th anniversary. For the first two decades, the kernel remained largely stable, with minimal bug fixes, but in 2015 development changed significantly: from adding features primarily through standalone packages to directly updating the core system. This shift led to the integration of the original LaTeX3 programming code (known as expl3) in 2020 and, more recently, the adoption of LuaTeX as the recommended engine. We will highlight some of the latest developments, especially the progress of the LaTeX Tagged PDF project, which aims to automatically create PDF\/UA-compliant documents.<\/p>\n\n\n\n<h4 class=\"wp-block-heading\">Short Bio<\/h4>\n\n\n\n<p>Javier Bezos is passionate about typography, science, language, and writing systems, as well as about computer programming. As a computer programmer, he has developed tools for technical documentation, automatic typesetting and copyediting, XML, and localization. It is this last facet that he develops most actively as a member of the LaTeX Project Team. He has participated as an author on several style manuals, has published the book \u201cTipograf\u00eda y notaciones cient\u00edficas\u201d and has contributed to \u201cThe LaTeX Companion\u201d, 3rd edition. He is na honorary member of the Uni\u00f3n de Correctores, the Spanish professional association of copyeditors, and the Real Sociedad Matem\u00e1tica Espa\u00f1ola, and currently works at Fund\u00e9uRAE, a foundation linked to the Real Academia Espa\u00f1ola.<\/p>\n\n\n\n<hr class=\"wp-block-separator has-text-color has-alpha-channel-opacity has-background is-style-wide\" style=\"background-color:#9f1c33;color:#9f1c33\"\/>\n\n\n\n<div class=\"wp-block-media-text alignwide is-stacked-on-mobile\" style=\"grid-template-columns:27% auto\"><figure class=\"wp-block-media-text__media\"><img loading=\"lazy\" decoding=\"async\" width=\"500\" height=\"374\" src=\"https:\/\/inforum2025.xdi.uevora.pt\/wp-content\/uploads\/2025\/07\/WhatsApp-Image-2025-07-23-at-16.06.25.jpeg\" alt=\"\" class=\"wp-image-2656 size-full\" srcset=\"https:\/\/inforum2025.xdi.uevora.pt\/wp-content\/uploads\/2025\/07\/WhatsApp-Image-2025-07-23-at-16.06.25.jpeg 500w, https:\/\/inforum2025.xdi.uevora.pt\/wp-content\/uploads\/2025\/07\/WhatsApp-Image-2025-07-23-at-16.06.25-300x224.jpeg 300w, https:\/\/inforum2025.xdi.uevora.pt\/wp-content\/uploads\/2025\/07\/WhatsApp-Image-2025-07-23-at-16.06.25-110x83.jpeg 110w\" sizes=\"auto, (max-width: 500px) 100vw, 500px\" \/><\/figure><div class=\"wp-block-media-text__content\">\n<h2 class=\"wp-block-heading\">Paulo Quaresma<\/h2>\n\n\n\n<h4 class=\"wp-block-heading\">Title<\/h4>\n\n\n\n<p>AI Agents versus Agentic AI: state of the art<\/p>\n<\/div><\/div>\n\n\n\n<h4 class=\"wp-block-heading\">Abstract<\/h4>\n\n\n\n<p>In this talk an overview of the current state of the art of agentic artificial intelligence systems will be presented. Recent advancements in the field, highlighting how these systems can be developed and applied to different domains, will be discussed.<br>A special focus will be done on the comparison between AI agents and Agentic AI systems and the existing challenges and limitations associated with the development of trustworthy AI agentic systems.<\/p>\n\n\n\n<h4 class=\"wp-block-heading\">Short Bio<\/h4>\n\n\n\n<p>Paulo Quaresma is a Full Professor at the Department of Informatics of the University of \u00c9vora. In 2021 he was Member of the Board of Directors of FCT \u2013 Portuguese Foundation for Science and Technology. At the University of \u00c9vora, he was Vice-Rector for Research from 2014 to 2018 and from 2022 to 2025 and Director of the School of Science and Technology from 2009 to 2013. He holds a PhD in Informatics from Universidade Nova de Lisboa, specialized in Artificial Intelligence and Natural Language Processing. He was responsible or coordinator of several research projects, funded by Portuguese and European entities and published more than 100 scientific articles in international journals and conferences.<\/p>\n\n\n\n<p><\/p>\n","protected":false},"excerpt":{"rendered":"<p>Javier Bezos Title Recent developments in LaTeX Abstract LaTeX2e recently celebrated its 30th anniversary. For the first two decades, the kernel remained largely stable, with minimal bug fixes, but in 2015 development changed significantly: from adding features primarily through standalone packages to directly updating the core system. This shift led to the integration of the &hellip; <\/p>\n","protected":false},"author":1,"featured_media":0,"parent":0,"menu_order":0,"comment_status":"closed","ping_status":"closed","template":"","meta":{"footnotes":""},"class_list":["post-2055","page","type-page","status-publish","hentry"],"rttpg_featured_image_url":null,"rttpg_author":{"display_name":"pds","author_link":"https:\/\/inforum2025.xdi.uevora.pt\/index.php\/author\/pds\/"},"rttpg_comment":0,"rttpg_category":null,"rttpg_excerpt":"Javier Bezos Title Recent developments in LaTeX Abstract LaTeX2e recently celebrated its 30th anniversary. For the first two decades, the kernel remained largely stable, with minimal bug fixes, but in 2015 development changed significantly: from adding features primarily through standalone packages to directly updating the core system. This shift led to the integration of the&hellip;","_links":{"self":[{"href":"https:\/\/inforum2025.xdi.uevora.pt\/index.php\/wp-json\/wp\/v2\/pages\/2055","targetHints":{"allow":["GET"]}}],"collection":[{"href":"https:\/\/inforum2025.xdi.uevora.pt\/index.php\/wp-json\/wp\/v2\/pages"}],"about":[{"href":"https:\/\/inforum2025.xdi.uevora.pt\/index.php\/wp-json\/wp\/v2\/types\/page"}],"author":[{"embeddable":true,"href":"https:\/\/inforum2025.xdi.uevora.pt\/index.php\/wp-json\/wp\/v2\/users\/1"}],"replies":[{"embeddable":true,"href":"https:\/\/inforum2025.xdi.uevora.pt\/index.php\/wp-json\/wp\/v2\/comments?post=2055"}],"version-history":[{"count":13,"href":"https:\/\/inforum2025.xdi.uevora.pt\/index.php\/wp-json\/wp\/v2\/pages\/2055\/revisions"}],"predecessor-version":[{"id":2664,"href":"https:\/\/inforum2025.xdi.uevora.pt\/index.php\/wp-json\/wp\/v2\/pages\/2055\/revisions\/2664"}],"wp:attachment":[{"href":"https:\/\/inforum2025.xdi.uevora.pt\/index.php\/wp-json\/wp\/v2\/media?parent=2055"}],"curies":[{"name":"wp","href":"https:\/\/api.w.org\/{rel}","templated":true}]}}